Let k(y) = -86*y**2 - 1. Give k(-1).
-87
Let y(b) = -b**3 - 6*b**2 + b - 6. Give y(-6).
-12
Let j(q) = -2*q**2 - 25*q + 7. Calculate j(-6).
85
Let w(d) = -7*d + 78. Determine w(9).
15
Let n(o) = -2*o**3 + 31. Give n(0).
31
Let x(i) = -10*i + 182. What is x(19)?
-8
Let b(s) = s**3 - 15*s**2 + 17*s - 16. Calculate b(14).
26
Let z(k) = -3*k**3 + 4*k**2 - 6*k + 12. Determine z(2).
-8
Let v(m) = -8*m + 66. What is v(12)?
-30
Let r(j) = -3*j**2 + 12*j + 38. Calculate r(6).
2
Let w(n) = 2*n**2 + n - 3. Give w(-2).
3
Let p(t) = -6*t - 4. What is p(3)?
-22
Let y(b) = b**3 - 22*b**2 - 21*b - 37. Give y(23).
9
Let w(p) = p**2 - 24*p + 129. Calculate w(16).
1
Let h(w) = w**3 + 49*w**2 - 56*w - 309. Determine h(-50).
-9
Let m(y) = -y**3 - 4*y**2 + 5*y - 25. Determine m(-6).
17
Let z(n) = -2*n - 5. Calculate z(-5).
5
Let g(y) = y**2 - 22*y + 98. What is g(6)?
2
Let r(u) = -2*u**3 - 28*u**2 + 6*u + 94. Calculate r(-14).
10
Let t(q) = q + 7. Calculate t(-5).
2
Let f(s) = 3*s - 4. Give f(17).
47
Let o(c) = -c**2 + 23*c - 122. What is o(14)?
4
Let j(s) = s**3 - 2*s**2 - 3*s - 7. What is j(4)?
13
Let p(o) = 8*o + 40. Calculate p(0).
40
Let v(w) = 5*w**2 + 2*w - 12. What is v(5)?
123
Let c(b) = 19*b - 200. Determine c(10).
-10
Let l(t) = t - 12. Give l(0).
-12
Let h(d) = d**3 - 8*d**2 + 8*d + 12. Give h(8).
76
Let a(v) = -5*v**3 - 86*v**2 - 23*v - 102. What is a(-17)?
0
Let t(v) = 13*v + 4. Calculate t(1).
17
Let f(w) = 81*w**2 - 2. Calculate f(-1).
79
Let u(d) = d**2 - 6*d. Give u(7).
7
Let k(x) = x**3 + 8*x**2 + 13*x + 16. What is k(-8)?
-88
Let h(f) = f**3 + 12*f**2 + 31*f - 17. Give h(-5).
3
Let l(n) = -n**3 - 3*n**2 + 5*n + 6. Calculate l(-5).
31
Let k(b) = -b**3 + 6*b**2 - b - 6. Give k(6).
-12
Let h(d) = -3*d + 2. Determine h(3).
-7
Let s(o) = 5*o - 1. Calculate s(11).
54
Let y(u) = u**3 - 14*u**2 - 16*u + 10. Give y(15).
-5
Let u(i) = -3*i - 15. What is u(-14)?
27
Let j(i) = -i**3 + 4*i**2 - 9*i + 31. What is j(5)?
-39
Let m(d) = -7*d + 11. Determine m(2).
-3
Let i(h) = h + 17. Give i(-23).
-6
Let o(a) = -7*a + 2. Determine o(1).
-5
Let i(r) = 16*r + 84. Give i(-5).
4
Let n(d) = -19*d - 28. Calculate n(-3).
29
Let r(d) = -d**3 + 19*d**2 - 3*d + 49. Calculate r(19).
-8
Let w(u) = u**3 - 8*u**2 - 4*u + 30. Give w(8).
-2
Let g(w) = w**2 - 23*w - 2. What is g(23)?
-2
Let l(j) = -j**2 - 5*j + 6. What is l(-3)?
12
Let u(w) = w**2 + 7*w + 6. Determine u(-4).
-6
Let z(d) = d**3 - 8*d**2 - 10*d + 9. Give z(9).
0
Let t(j) = j**3 + 2*j**2 - 2*j - 1. What is t(-3)?
-4
Let w(q) = -q**3 + 6*q**2 - 8*q + 23. Give w(5).
8
Let g(t) = -t**2 + 9*t + 117. Give g(-8).
-19
Let a(q) = 2*q**3 + 81*q**2 - 124*q + 103. Give a(-42).
19
Let x(m) = -m**3 - 11*m**2 - 12*m - 13. What is x(-10)?
7
Let k(p) = -p**2 - 15*p + 24. Calculate k(-17).
-10
Let n(d) = -d**2 - 16*d + 11. Calculate n(-16).
11
Let h(k) = 14*k + 30. Calculate h(-8).
-82
Let d(n) = n**3 + n**2 - 13*n - 7. What is d(-4)?
-3
Let p(z) = z**3 - 2*z**2 - 3*z. Calculate p(-2).
-10
Let y(r) = -r**3 - 17*r**2 + 18*r + 6. What is y(-18)?
6
Let j(f) = -f**3 - 16*f**2 + 17*f + 3. Give j(-17).
3
Let h(t) = -t + 26. Determine h(19).
7
Let f(l) = l**3 - 28*l**2 - 60*l. Determine f(30).
0
Let p(v) = 30*v + 195. Calculate p(-6).
15
Let o(k) = -2*k**2 + 17*k - 18. Calculate o(8).
-10
Let m(l) = -9*l**2 + 1. Determine m(1).
-8
Let m(p) = -p - 8. Determine m(-8).
0
Let w(t) = -t**2 + 2*t + 4. Calculate w(4).
-4
Let q(w) = 3*w**3 - 37*w**2 - 25*w + 4. Determine q(13).
17
Let i(m) = -m**3 + 3*m**2 + 3*m + 1. What is i(3)?
10
Let h(r) = -r**2 + 7*r. Determine h(6).
6
Let g(f) = -f**2 + f + 16. Calculate g(-4).
-4
Let o(q) = -q**3 + 13*q**2 + 43*q + 73. What is o(16)?
-7
Let r(g) = -g - 1. What is r(7)?
-8
Let l(o) = -4*o - 22. What is l(-8)?
10
Let p(m) = -m**3 + 12*m**2 + 11*m + 41. What is p(13)?
15
Let v(c) = c**2 - 9*c + 3. What is v(10)?
13
Let i(v) = -v**3 - 2*v**2 + 4*v - 13. What is i(-4)?
3
Let g(f) = -f**2 - 10*f + 48. Determine g(-14).
-8
Let g(w) = -w**2 + 3*w + 43. What is g(7)?
15
Let q(d) = 3*d**2 - 4*d - 5. Give q(4).
27
Let n(j) = 2*j**3 - j + 4. What is n(0)?
4
Let n(k) = k**3 + 6*k**2 + 5*k + 4. Calculate n(-4).
16
Let y(f) = -4*f + 1. Determine y(2).
-7
Let j(r) = -3*r + 10. Calculate j(7).
-11
Let h(x) = 7*x - 11. Give h(9).
52
Let l(q) = q**2 - 16*q - 53. Calculate l(17).
-36
Let s(r) = 2*r - 19. Give s(6).
-7
Let j(g) = 11*g + 154. Give j(-14).
0
Let k(x) = -x**2 - 9*x + 17. Determine k(-10).
7
Let n(r) = -r**2 - 19*r - 62. Determine n(-11).
26
Let d(t) = -33*t - 1. What is d(1)?
-34
Let q(d) = 7*d**3 - 6*d**2 + d + 4. What is q(2)?
38
Let s(a) = -a**3 - 6*a**2 - 11*a - 31. What is s(-5)?
-1
Let b(f) = 3*f + 5. Determine b(-4).
-7
Let y(h) = h**2 + 10*h + 24. Determine y(-6).
0
Let c(p) = 2*p**2 + 11*p + 19. What is c(-6)?
25
Let v(c) = -3*c**3 - 25*c**2 - 7*c. Determine v(-8).
-8
Let q(z) = -z**2 - 14*z - 26. Give q(-11).
7
Let n(c) = -c**2 - 12. What is n(0)?
-12
Let x(d) = d**3 - 11*d**2 + 18*d + 14. Give x(6).
-58
Let m(u) = u**3 + 5*u**2 + u + 8. What is m(-6)?
-34
Let r(v) = v**2 + 4*v - 7. Give r(-7).
14
Let f(i) = 4*i + 4. Give f(3).
16
Let f(t) = -5*t**2 - 4*t - 3. Determine f(-2).
-15
Let f(m) = m. Give f(2).
2
Let q(z) = -4*z**2 - 13*z - 26. Give q(-2).
-16
Let w(i) = -i**3 - 5*i**2 + 8*i - 1. Give w(-6).
-13
Let w(t) = -2*t**3 + t**2 - 2*t. Determine w(1).
-3
Let q(o) = o**3 - 11*o**2 + 17*o - 13. Give q(9).
-22
Let a(q) = 8*q + 1. Determine a(-3).
-23
Let z(d) = 3*d - 3. Give z(3).
6
Let v(k) = k**2 - 12*k + 1. Give v(12).
1
Let k(l) = 2*l**2 + 12*l + 11. Determine k(-8).
43
Let j(t) = -2*t + 42. What is j(12)?
18
Let h(t) = 8*t - 2. What is h(1)?
6
Let y(z) = z**3 - 11*z**2 + 12*z + 2. Calculate y(10).
22
Let l(q) = 28*q**2 + q - 4. Calculate l(-2).
106
Let r(v) = -v**3 - 19*v**2 - 20*v - 4. Calculate r(-18).
32
Let v(c) = -c**2 + 16*c - 43. Give v(13).
-4
Let k(y) = 8*y**3 + y + 2. Determine k(-1).
-7
Let h(m) = 2*m - 1. Give h(1).
1
Let s(m) = -11*m**2 + 2*m + 5. Calculate s(-1).
-8
Let y(c) = 4*c - 7. Calculate y(-5).
-27
Let u(m) = m**3 + 11*m**2 - m - 4. Determine u(-11).
7
Let y(a) = 3*a**2 - 32*a. Calculate y(14).
140
Let f(b) = -b**3 + 6*b**2 + 3*b - 5. Give f(7).
-33
Let g(i) = -23*i - 52. Calculate g(-2).
-6
Let r(q) = -15*q**3 - 29*q**2 + 29*q. What is r(1)?
-15
Let t(v) = 2*v**2 - 2*v - 4. Determine t(0).
-4
Let o(s) = -4*s**2 - 6*s - 6. Determine o(-3).
-24
Let d(m) = -m**3 - 20*m**2 + m + 26. Calculate d(-20).
6
Let q(o) = o**3 - 15*o**2 - 3*o + 10. Give q(15).
-35
Let c(n) = -21*n - 234. What is c(-12)?
18
Let f(g) = -12*g - 23. Calculate f(-2).
1
Let m(z) = -z**2 - 11*z - 15. What is m(-10)?
-5
Let b(r) = -5*r + 18. What is b(0)?
18
Let o(b) = -b - 5. Give o(7).
-12
Let t(z) = z**3 + 4*z**2 - 2*z + 3. Calculate t(-6).
-57
Let w(l) = l**2 - 32*l + 185. Determine w(24).
-7
Let q(i) = i**2 - 5*i - 4. Give q(9).
32
Let g(c) = c**3 - 5*c**2 - 33*c + 12. Give g(-4).
0
Let f(j) = -3*j**2 - 7*j - 20. Give f(5).
-130
Let n(l) = l**2 - 5*l - 5. Calculate n(6).
1
Let z(j) = -j - 12. What is z(-8)?
-4
Let p(a) = 17*a**2 + 2*a - 1. Calculate p(-2).
63
Let z(n) = 2*n + 10. Determine z(-6).
-2
Let f(y) = -y**2 - 8*y + 90. Determine f(-15).
-15
Let y(q) = -42*q + 23. What is y(3)?
-103
Let a(q) = 4*q**2 - 8*q - 12. Calculate a(6).
84
Let n(b) = -b**3 + 7*b**2 + 3*b + 5. What is n(8)?
-35
Let o(l) = -14*l**2 + 2*l. What is o(1)?
-12
Let l(n) = -6*n**2 + 5*n - 2. Calculate l(3).
-41
Let s(t) = t**3 + 15*t**2 + t - 2. Determine s(-15).
-17
Let u(j) = j**3 - 35*j**2 - 34*j - 83. Give u(36).
-11
Let c(f) = -14*f - 1. Give c(1).
-15
Let x(m) = m**2 + 8*m + 1. What is x(-8)?
1
Let w(a) = 4*a - 39. What is w(5)?
-19
Let i(s) = s**3 + s**2 + 173*s + 539. What is i(-3)?
2
Let n(v) = -v**2 + 33*v - 149. Calculate n(6).
13
Let i(d) = d**2 + d + 8. What is i(-4)?
20
Let f(r) = r**2 - 2*r - 3. Determine f(5).
12
Let s(a) = -a**3 + 6*a**2 + 3. Give s(6).
3
Let z(i) = -3*i + 20. Calculate z(17).
-31
Let x(a) = 25*a**2 - a. What is x(1)?
24
Let a(l) = l - 20. Give a(7).
-13
Let v(k) = k**2 - 19*k + 35. Calculate v(18).
17
Let s(u) = 3*u**2 - 2*u - 7. Calculate s(4).
33
Let p(u) = -u**2 + 14*u + 17. Give p(13).
30
Let i(h) = -h**3 - 12*h**2 + 30*h + 23. Give i(-14).
-5
Let z(u) = 7*u - 164. Give z(21).
-17
Let f(i)